
True
Is 15553 a multiple of 103?
True
Is 53 a factor of 1476?
False
Is 575 a multiple of 13?
False
Is 23 a factor of 3634?
True
Is 12435 a multiple of 5?
True
Is 14 a factor of 35364?
True
Is 42 a factor of 210?
True
Is 4616 a multiple of 38?
False
Is 81 a factor of 5540?
False
Does 132 divide 23364?
True
Is 1344 a multiple of 7?
True
Does 207 divide 3452?
False
Does 43 divide 2623?
True
Does 20 divide 22433?
False
Is 14807 a multiple of 67?
True
Does 20 divide 840?
True
Does 102 divide 6936?
True
Is 17 a factor of 3621?
True
Does 11 divide 874?
False
Does 5 divide 5245?
True
Does 36 divide 1697?
False
Does 169 divide 17607?
False
Is 56 a factor of 7631?
False
Does 56 divide 6048?
True
Is 22 a factor of 712?
False
Is 101 a factor of 4698?
False
Is 1310 a multiple of 12?
False
Is 6 a factor of 1368?
True
Is 12 a factor of 180?
True
Is 9 a factor of 561?
False
Is 7 a factor of 1836?
False
Is 7146 a multiple of 6?
True
Is 17760 a multiple of 30?
True
Is 76 a multiple of 19?
True
Does 16 divide 1248?
True
Is 121945 a multiple of 145?
True
Is 27 a factor of 17766?
True
Does 46 divide 1196?
True
Does 54 divide 17310?
False
Does 3 divide 288?
True
Does 5 divide 4447?
False
Is 118 a factor of 12744?
True
Is 8440 a multiple of 20?
True
Does 6 divide 693?
False
Does 10 divide 49151?
False
Is 8881 a multiple of 40?
False
Is 12 a factor of 888?
True
Does 38 divide 8370?
False
Is 138 a factor of 828?
True
Is 11 a factor of 33?
True
Is 54516 a multiple of 19?
False
Is 1633 a multiple of 7?
False
Does 45 divide 1302?
False
Is 121 a factor of 121?
True
Is 186 a factor of 3162?
True
Is 1548 a multiple of 36?
True
Is 180 a factor of 28084?
False
Does 18 divide 810?
True
Is 29260 a multiple of 44?
True
Is 18937 a multiple of 29?
True
Is 63 a factor of 7749?
True
Does 10 divide 12280?
True
Is 22 a factor of 11968?
True
Is 630 a multiple of 4?
False
Does 2 divide 144?
True
Is 4416 a multiple of 24?
True
Is 782 a multiple of 46?
True
Is 1272 a multiple of 8?
True
Is 5 a factor of 157?
False
Is 25074 a multiple of 21?
True
Is 17 a multiple of 3?
False
Does 21 divide 6888?
True
Is 9918 a multiple of 43?
False
Does 3 divide 162?
True
Is 8 a factor of 5675?
False
Is 3764 a multiple of 20?
False
Is 3 a factor of 253?
False
Does 11 divide 967?
False
Does 15 divide 945?
True
Does 20 divide 1661?
False
Does 10 divide 6250?
True
Is 15759 a multiple of 103?
True
Does 12 divide 276?
True
Is 53 a factor of 1431?
True
Does 61 divide 14593?
False
Does 28 divide 4312?
True
Does 14 divide 13052?
False
Is 5 a factor of 1625?
True
Is 4470 a multiple of 39?
False
Is 304 a factor of 78128?
True
Is 19608 a multiple of 80?
False
Does 55 divide 1312?
False
Does 16 divide 480?
True
Is 15 a factor of 30?
True
Is 2261 a multiple of 7?
True
Is 2 a factor of 65?
False
Does 5 divide 36255?
True
Is 934 a multiple of 22?
False
Is 36 a multiple of 2?
True
Does 279 divide 15594?
False
Does 236 divide 22420?
True
Does 2 divide 19?
False
Is 29 a factor of 326?
False
Does 24 divide 355?
False
Is 1328 a multiple of 17?
False
Is 123 a factor of 12707?
False
Does 30 divide 253?
False
Is 21 a factor of 420?
True
Is 33 a factor of 1881?
True
Is 12 a factor of 192?
True
Is 819 a multiple of 39?
True
Is 8178 a multiple of 29?
True
Is 22370 a multiple of 76?
False
Is 10549 a multiple of 11?
True
Is 1178 a multiple of 31?
True
Is 29691 a multiple of 87?
False
Does 87 divide 435?
True
Is 18627 a multiple of 37?
False
Is 10701 a multiple of 123?
True
Is 17 a factor of 2200?
False
Is 21 a factor of 15057?
True
Does 47 divide 1645?
True
Is 67 a factor of 6834?
True
Does 26 divide 9076?
False
Is 12 a factor of 2113?
False
Does 71 divide 260?
False
Is 24 a factor of 1844?
False
Is 26 a factor of 546?
True
Does 73 divide 9855?
True
Is 546 a multiple of 19?
False
Is 8 a factor of 512?
True
Is 57 a multiple of 3?
True
Is 1260 a multiple of 21?
True
Is 45 a factor of 16473?
False
Does 10 divide 1072?
False
Is 15210 a multiple of 45?
True
Does 126 divide 1008?
True
Does 28 divide 364?
True
Does 2 divide 536?
True
Does 10 divide 2760?
True
Is 26520 a multiple of 14?
False
Does 5 divide 75?
True
Is 5 a factor of 7165?
True
Is 495 a multiple of 11?
True
Is 55 a factor of 14343?
False
Does 36 divide 25257?
False
Does 140 divide 9520?
True
Is 12 a factor of 468?
True
Is 33 a factor of 100561?
False
Is 2377 a multiple of 16?
False
Is 9427 a multiple of 42?
False
Is 162 a multiple of 69?
False
Is 26 a factor of 3328?
True
Is 4 a factor of 749?
False
Is 2866 a multiple of 25?
False
Is 12 a factor of 57617?
False
Is 16 a factor of 288?
True
Is 6 a factor of 3359?
False
Does 28 divide 35893?
False
Is 218 a multiple of 34?
False
Is 77834 a multiple of 54?
False
Is 4 a factor of 1784?
True
Is 80 a factor of 27600?
True
Is 146 a factor of 59130?
True
Does 16 divide 1456?
True
Does 11 divide 6160?
True
Is 12 a factor of 816?
True
Does 36 divide 2488?
False
Does 102 divide 9894?
True
Is 2182 a multiple of 8?
False
Is 3 a factor of 1492?
False
Is 2040 a multiple of 4?
True
Is 279 a multiple of 9?
True
Is 5115 a multiple of 33?
True
Is 1889 a multiple of 3?
False
Is 1768 a multiple of 61?
False
Is 28721 a multiple of 11?
True
Is 15 a factor of 2925?
True
Does 134 divide 2412?
True
Is 1700 a multiple of 50?
True
Is 78 a factor of 67796?
False
Is 4292 a multiple of 58?
True
Is 45 a factor of 630?
True
Is 109 a factor of 1635?
True
Does 13 divide 16249?
False
Does 11 divide 3384?
False
Does 23 divide 197?
False
Is 15 a factor of 2810?
False
Is 14 a factor of 1207?
False
Is 40 a multiple of 6?
False
Is 15 a factor of 18136?
False
Is 8 a factor of 1934?
False
Is 1368 a multiple of 2?
True
Is 35 a factor of 280?
True
Is 6301 a multiple of 102?
False
Does 52 divide 10459?
False
Does 73 divide 1679?
True
Does 6 divide 522?
True
Does 43 divide 3698?
True
Is 64 a factor of 11456?
True
Is 4350 a multiple of 25?
True
Is 16 a factor of 1144?
False
Is 4646 a multiple of 7?
False
Is 83945 a multiple of 84?
False
Is 54 a factor of 4158?
True
Is 207 a factor of 104528?
False
Does 11 divide 6787?
True
Does 9 divide 52?
False
Is 79 a factor of 2449?
True
Is 121513 a multiple of 385?
False
Is 495 a multiple of 11?
True
Is 6 a factor of 626?
False
Is 1365 a multiple of 39?
True
Is 6 a factor of 12?
True
Is 3057 a multiple of 37?
False
Is 2522 a multiple of 26?
True
Does 129 divide 141513?
True
Does 59 divide 3599?
True
Is 30 a factor of 726?
False
Is 14 a factor of 4074?
True
Is 200 a multiple of 4?
True
Is 12369 a multiple of 133?
True
Does 20 divide 180?
True
Is 2 a factor of 1985?
False
Is 2 a factor of 3768?
True
Is 2 a factor of 81?
False
Is 343 a factor of 81977?
True
Is 2160 a multiple of 22?
False
Does 55 divide 2270?
False
Does 36 divide 4536?
True
Is 387 a multiple of 9?
True
Is 1897 a multiple of 125?
False
Is 1708 a multiple of 66?
False
Is 39 a factor of 13182?
True
Is 20 a factor of 63180?
True
Does 37 divide 6290?
True
Does 53 divide 26667?
False
Is 42 a factor of 8871?
False
Is 62 a multiple of 3?
False
Is 750 a multiple of 125?
True
Is 897 a multiple of 31?
False
Is 17 a factor of 98109?
False
Is 45 a factor of 189?
False
Is 6 a factor of 38340?
True
Is 7910 a multiple of 138?
False
Is 27531 a multiple of 207?
True
Does 24 divide 604?
False
Is 1040 a multiple of 26?
True
Is 23 a factor of 3312?
True
Is 37 a factor of 6771?
True
Is 6 a factor of 296?
False
Does 15 divide 1860?
True
Is 5251 a multiple of 39?
False
Does 15 divide 285?
True
Is 131 a factor of 262?
True
Does 13 divide 2301?
True
Does 8 divide 448?
True
Is 1156 a multiple of 34?
True
Is 35023 a multiple of 16?
False
Is 31 a factor of 2790?
True
Is 5184 a multiple of 78?
False
Does 15 divide 5809?
False
Is 1602 a multiple of 27?
False
Does 64 divide 332?
False
Is 2556 a multiple of 16?
False
Is 664 a multiple of 19?
False
Is 465 a multiple of 31?
True
Is 23 a factor of 3703?
True
Does 49 divide 13475?
True
Is 24 a factor of 1104?
True
Is 222 a factor of 35492?
False
Is 50568 a multiple of 24?
True
Does 11 divide 1684?
False
Does 35 divide 9554?
False
Does 14 divide 5290?
False
Is 25389 a multiple of 93?
True
Is 93 a factor of 47883?
False
Is 10540 a multiple of 15?
False
Does 19 divide 99364?
False
Is 139 a factor of 17897?
False
Is 17394 a multiple of 79?
False
Does 6 divid